{"id":126,"date":"2019-08-22T08:58:07","date_gmt":"2019-08-22T08:58:07","guid":{"rendered":"https:\/\/vsputzleinsdorf.at\/?page_id=126"},"modified":"2020-01-21T10:28:23","modified_gmt":"2020-01-21T10:28:23","slug":"geschichte-der-schule","status":"publish","type":"page","link":"https:\/\/vsputzleinsdorf.at\/?page_id=126","title":{"rendered":"Geschichte der Schule"},"content":{"rendered":"\n<p style=\"font-size:14px\">Die Urspr\u00fcnge der Schule gehen zumindest\nauf das Jahr 1650 zur\u00fcck. Seit diesem Jahr jedenfalls sind in Putzleinsdorf in\nununterbrochener Reihenfolge Schulmeister t\u00e4tig und nachweisbar. Das erste\nSchulhaus stand in unmittelbarer Kirchenn\u00e4he und diente dem Lehrer als Wohnung\nund Schulstube gleicherma\u00dfen. Mit Einf\u00fchrung der Schulpflicht im Jahr 1774\nvergr\u00f6\u00dferte sich nach und nach die Schar der Schulkinder und die Platznot wurde\neklatant. <\/p>\n\n\n\n<hr class=\"wp-block-separator\"\/>\n\n\n\n<h1 class=\"wp-block-heading\">Die alte Schule von 1848<\/h1>\n\n\n\n<div class=\"wp-block-image\"><figure class=\"alignright is-resized\"><img fetchpriority=\"high\" decoding=\"async\" src=\"https:\/\/vsputzleinsdorf.at\/wp-content\/uploads\/2019\/08\/alte-Schule_Grafik.jpg\" alt=\"alte Schule\" class=\"wp-image-134\" width=\"350\" height=\"229\"\/><\/figure><\/div>\n\n\n\n<p style=\"font-size:14px\">Das Aufstocken des \u201eSchulh\u00e4usls\u201c brachte\nnur kurz Abhilfe und so entschloss man sich z\u00f6gernd zum Bau einer gr\u00f6\u00dferen\nSchule, die am gleichen Platz entstand und 1848 bezogen werden konnte. <\/p>\n\n\n\n<p style=\"font-size:14px\">Nur 50 Jahre sp\u00e4ter war auch dieses Geb\u00e4ude\nwieder zu klein geworden und man musste eine externe Klasse errichten. Nach dem\n2. Weltkrieg wurde die Lehrerwohnung nicht mehr gebraucht und vor\u00fcbergehend\nfanden alle Kinder wieder im Schulhaus Platz. In den Nachkriegsjahren sorgten\nallerdings die geburtenstarken Jahrg\u00e4nge und die schrittweise Herabsetzung der\nKlassensch\u00fclerh\u00f6chstzahlen bald wieder f\u00fcr Raumnot und so beschloss der\nGemeinderat 1961 den Neubau der Putzleinsdorfer Schule.<br>\nDas altehrw\u00fcrdige Geb\u00e4ude wurde 2003 in ein Pfarrheim umfunktioniert und nach\neinem Brand im Jahr 2012 schlie\u00dflich abgebrochen und durch das Pfarrheim\n\u201eVitum\u201c ersetzt.<\/p>\n\n\n\n<hr class=\"wp-block-separator\"\/>\n\n\n\n<h1 class=\"wp-block-heading\">Die neue Hanriederschule<\/h1>\n\n\n\n<div class=\"wp-block-image\"><figure class=\"alignleft is-resized\"><img decoding=\"async\" src=\"https:\/\/vsputzleinsdorf.at\/wp-content\/uploads\/2019\/08\/Ansicht_Hanriederschule_Graphik-1024x390.jpg\" alt=\"Ansicht Hanriederschule\" class=\"wp-image-136\" width=\"465\" height=\"162\"\/><\/figure><\/div>\n\n\n\n<p style=\"font-size:14px\"><br> Mit dem nachhaltig funktionalen Bau nach Pl\u00e4nen des Architekten Markgraf wurde 1968 begonnen. 1971 wurde die neue Norbert Hanrieder-Schule bezogen, benannt nach dem bedeutenden ober\u00f6sterreichischen Mundartdichter, der in Putzleinsdorf von 1874 bis 1913 Pfarrer und Dechant war. In die Zeit des Schulbaus fiel die Schulreform 1969, die die Volksschuloberstufe gr\u00f6\u00dftenteils eliminierte und durch die Hauptschule ersetzte. Da nun das Schulgeb\u00e4ude f\u00fcr die vier Klassen zu gro\u00df war, wurde in Putzleinsdorf einer der vier Sonderschulstandorte installiert. Bis zum Jahr 1992 wurden lernschwache und zuletzt auch schwerstbehinderte Kinder an der Hanriederschule unterrichtet.<\/p>\n\n\n\n<hr class=\"wp-block-separator\"\/>\n\n\n\n<h1 class=\"wp-block-heading\">Generalsanierung 2012 und 2015<\/h1>\n\n\n\n<div class=\"wp-block-image\"><figure class=\"alignright size-large is-resized\"><img decoding=\"async\" src=\"https:\/\/vsputzleinsdorf.at\/wp-content\/uploads\/2019\/08\/Au\u00dfenansicht-nach-der-Au\u00dfensanierung-8-1024x768.jpg\" alt=\"\" class=\"wp-image-138\" width=\"324\" height=\"244\" srcset=\"https:\/\/vsputzleinsdorf.at\/wp-content\/uploads\/2019\/08\/Au\u00dfenansicht-nach-der-Au\u00dfensanierung-8-1024x768.jpg 1024w, https:\/\/vsputzleinsdorf.at\/wp-content\/uploads\/2019\/08\/Au\u00dfenansicht-nach-der-Au\u00dfensanierung-8-300x225.jpg 300w, https:\/\/vsputzleinsdorf.at\/wp-content\/uploads\/2019\/08\/Au\u00dfenansicht-nach-der-Au\u00dfensanierung-8-768x576.jpg 768w, https:\/\/vsputzleinsdorf.at\/wp-content\/uploads\/2019\/08\/Au\u00dfenansicht-nach-der-Au\u00dfensanierung-8-800x600.jpg 800w, https:\/\/vsputzleinsdorf.at\/wp-content\/uploads\/2019\/08\/Au\u00dfenansicht-nach-der-Au\u00dfensanierung-8-400x300.jpg 400w, https:\/\/vsputzleinsdorf.at\/wp-content\/uploads\/2019\/08\/Au\u00dfenansicht-nach-der-Au\u00dfensanierung-8.jpg 1280w\" sizes=\"(max-width: 324px) 100vw, 324px\" \/><\/figure><\/div>\n\n\n\n<p style=\"font-size:14px\">\u00dcber vierzig Jahre lang diente die Hanriederschule fast unver\u00e4ndert ihrem Zweck. Erst im Jahre 2013, nach langer Planungs- und Verhandlungsphase wurden das Dach und die Fenster getauscht und das Geb\u00e4ude thermisch saniert. <\/p>\n\n\n\n<p style=\"font-size:14px\" class=\"has-text-align-left\">Dieser ersten Renovierungsphase folgte im Jahr 2015 die komplette Innensanierung. Neben der Neugestaltung der Halle und der Erneuerung der Inneneinrichtung wurde auch die Haustechnik auf den neuesten Stand gebracht. Besonders wohltuend wirkte sich die akustische Sanierung aus. Die Schule steht damit wieder zeitgem\u00e4\u00df da und erf\u00fcllt ihren Zweck zur gr\u00f6\u00dften Zufriedenheit aller.<br> Was noch fehlt, ist der Neubau des Turnsaales, der f\u00fcr die n\u00e4chsten Jahren in Aussicht gestellt ist.<\/p>\n","protected":false},"excerpt":{"rendered":"<p>Die Urspr\u00fcnge der Schule gehen zumindest auf das Jahr 1650 zur\u00fcck. Seit diesem Jahr jedenfalls sind in Putzleinsdorf in ununterbrochener Reihenfolge Schulmeister t\u00e4tig und nachweisbar. Das erste Schulhaus stand in unmittelbarer Kirchenn\u00e4he und diente dem Lehrer als Wohnung und Schulstube gleicherma\u00dfen. Mit Einf\u00fchrung der Schulpflicht im Jahr 1774 vergr\u00f6\u00dferte sich nach und nach die Schar der Schulkinder und die Platznot<\/p>\n<p><a class=\"more-link\" href=\"https:\/\/vsputzleinsdorf.at\/?page_id=126\">Weiterlesen<\/a><\/p>\n","protected":false},"author":1,"featured_media":0,"parent":57,"menu_order":0,"comment_status":"closed","ping_status":"closed","template":"","meta":{"_uag_custom_page_level_css":"","footnotes":""},"class_list":["post-126","page","type-page","status-publish","hentry"],"uagb_featured_image_src":{"full":false,"thumbnail":false,"medium":false,"medium_large":false,"large":false,"1536x1536":false,"2048x2048":false,"post-thumbnail":false,"agama-blog-large":false,"agama-blog-medium":false,"agama-blog-small":false,"agama-related-img":false,"agama-recent-posts":false},"uagb_author_info":{"display_name":"admin","author_link":"https:\/\/vsputzleinsdorf.at\/?author=1"},"uagb_comment_info":0,"uagb_excerpt":"Die Urspr\u00fcnge der Schule gehen zumindest auf das Jahr 1650 zur\u00fcck. Seit diesem Jahr jedenfalls sind in Putzleinsdorf in ununterbrochener Reihenfolge Schulmeister t\u00e4tig und nachweisbar. Das erste Schulhaus stand in unmittelbarer Kirchenn\u00e4he und diente dem Lehrer als Wohnung und Schulstube gleicherma\u00dfen. Mit Einf\u00fchrung der Schulpflicht im Jahr 1774 vergr\u00f6\u00dferte sich nach und nach die Schar&hellip;","_links":{"self":[{"href":"https:\/\/vsputzleinsdorf.at\/index.php?rest_route=\/wp\/v2\/pages\/126","targetHints":{"allow":["GET"]}}],"collection":[{"href":"https:\/\/vsputzleinsdorf.at\/index.php?rest_route=\/wp\/v2\/pages"}],"about":[{"href":"https:\/\/vsputzleinsdorf.at\/index.php?rest_route=\/wp\/v2\/types\/page"}],"author":[{"embeddable":true,"href":"https:\/\/vsputzleinsdorf.at\/index.php?rest_route=\/wp\/v2\/users\/1"}],"replies":[{"embeddable":true,"href":"https:\/\/vsputzleinsdorf.at\/index.php?rest_route=%2Fwp%2Fv2%2Fcomments&post=126"}],"version-history":[{"count":42,"href":"https:\/\/vsputzleinsdorf.at\/index.php?rest_route=\/wp\/v2\/pages\/126\/revisions"}],"predecessor-version":[{"id":1493,"href":"https:\/\/vsputzleinsdorf.at\/index.php?rest_route=\/wp\/v2\/pages\/126\/revisions\/1493"}],"up":[{"embeddable":true,"href":"https:\/\/vsputzleinsdorf.at\/index.php?rest_route=\/wp\/v2\/pages\/57"}],"wp:attachment":[{"href":"https:\/\/vsputzleinsdorf.at\/index.php?rest_route=%2Fwp%2Fv2%2Fmedia&parent=126"}],"curies":[{"name":"wp","href":"https:\/\/api.w.org\/{rel}","templated":true}]}}